 u(i) = i - 2. Calculate u(h).
-5
Let l(g) be the third derivative of -g**5/60 - g**4/8 - 4*g**3/3 + 12*g**2. Determine l(-8).
-48
Suppose 0 = i + 2*s - 6*s + 17, -3*i + 14 = s. Suppose d + 8 = f, -2*f - 2 = i*d + 2. Let x(g) = -g**3 + 4*g**2 - 3. What is x(f)?
-3
Let s(b) = -b**2 + 2*b - 2. Let p(v) be the first derivative of -v + 4 + 1/2*v**2. Let t(y) = 6*p(y) - s(y). Give t(-6).
8
Let c(j) = -j**3 + 1. Let w(v) = 4*v**3 + 9*v**2 - 13*v + 1. Let y(q) = 3*c(q) + w(q). What is y(-10)?
34
Let w(i) = i**3 + 7*i**2 - 175*i + 3 + 333*i - 166*i. Determine w(-8).
3
Let z(w) be the first derivative of -w**3/3 + w**2/2 + 5*w + 87. Determine z(4).
-7
Let d(o) be the third derivative of o**6/120 - o**5/15 + o**4/8 - 5*o**3/3 - o**2 + 11*o. Give d(4).
2
Suppose 24 = 5*k - k - 4*n, 0 = -2*k - 2*n. Let t be ((-6)/k - -1)*1. Let q(a) = 4 - 2 + 9*a**2 - 1 - 3*a**2 + 2*a. Calculate q(t).
5
Let p(q) = 54*q**2 + q + 1. Let j = 1262 + -1263. Give p(j).
54
Let n(k) = -10*k + 113. Let w be n(13). Let h(s) = s + 11. What is h(w)?
-6
Let w(x) be the third derivative of -x**4/24 + 18*x**2 - x. Determine w(-2).
2
Suppose -5*b - 1 = y, -4*y + 9*y + 2*b = 18. Let g(s) = -4*s + 9*s**3 + 41*s**2 - 88*s**2 + 1 + 44*s**2 - 8*s**3. What is g(y)?
1
Let l(m) = -m. Let n = -15 - -45. Let x = n - 31. What is l(x)?
1
Let s(r) = r**2 - 5*r - 3. Suppose -38*v = -17*v - 63. Calculate s(v).
-9
Suppose 4*i - 9 - 7 = 0. Let c(h) be the second derivative of h**3/3 - 5*h**2/2 - 34*h. Give c(i).
3
Let g be -2*5/(-20)*-28. Let p = g - -18. Let h(i) be the second derivative of -i**3/6 - i**2/2 - 5*i. Give h(p).
-5
Let a(c) be the third derivative of -c**4/4 - c**3/6 - c**2. Let o(p) = 11*p - 562. Let r be o(51). Calculate a(r).
5
Let f(n) be the third derivative of n**6/120 - 2*n**5/15 + 3*n**4/8 - n**3/3 - 296*n**2. Determine f(6).
-20
Let d(x) = -x**3 + 7*x**2 - 5*x + 30. Let s be ((-7)/(-4))/(205/20 - 10). What is d(s)?
-5
Let c(d) = 4*d**3 - 2 - 11*d**3 + 1 + 4*d - 2*d. Suppose -11 - 5 = -2*b - 2*h, -b + 5*h = -32. Let p be (8/b)/((-6)/(-9)). What is c(p)?
-6
Let x = 37 - 34. Let q(v) = -4 + v + 3 - 3 - x. What is q(5)?
-2
Suppose -2*h - 4*b = b + 9, 2*h + 4*b = -6. Let t(c) = 9 - h - 8 + c. Let y = -6 + 12. Calculate t(y).
4
Let l = 540 + -1079/2. Let w(m) be the first derivative of 3*m - 4 - 1/3*m**3 + l*m**2 - 1/4*m**4. What is w(0)?
3
Let r(j) = -2. Let s(a) = 11*a**2 + 9. Let l(u) = -5*r(u) - s(u). Give l(-1).
-10
Let m(c) = -4*c**2 - 16*c + 13. Let p(l) = 11*l**2 + 46*l - 39. Let b(n) = 8*m(n) + 3*p(n). Give b(-12).
11
Let z(a) = -a**3 - 13*a**2 + 2*a + 17. Let o = 267 - 280. Determine z(o).
-9
Let v(t) = -t**3 + 7*t**2 - 9*t + 8. Let r(f) = 9*f + 3. Let n(x) = -x - 1. Let g(k) = 12*n(k) + r(k). Let q be g(-5). Determine v(q).
-10
Suppose -2*w = 2*d, -5*w - 45*d + 44*d + 12 = 0. Let b(h) = -h + 2. What is b(w)?
-1
Suppose 2*w + 0*k = -3*k - 8, 0 = 4*k + 16. Let i(j) = 8 - 2 - j + w*j + 0*j. Determine i(-6).
0
Let l(x) = 7*x - 2. Let p = -1067 - -1069. What is l(p)?
12
Let w be ((-3)/4)/((-2)/(-8)). Suppose -4*o + 6*c - 3*c - 3 = 0, -o + 4*c = 17. Let s(m) = -o*m - 2*m + 7*m + 6*m**2 - 4 + m**3 - m**2. Give s(w).
8
Suppose 6 = 6*i - 6. Let h(v) = -v**3 + 2*v**2 + 3*v - 3. Give h(i).
3
Let q(m) be the third derivative of -m**6/360 + m**5/12 - 5*m**4/12 - 19*m**3/3 - 17*m**2. Let h(i) be the first derivative of q(i). Give h(9).
-1
Let o(w) = w - 7. Let k(g) = 7*g - 65. Let c(p) = -k(p) + 6*o(p). Determine c(18).
5
Let c(j) = j**3 + 18*j**2 + 14*j - 57. Let i be c(-17). Let a(o) = o**3 + 5*o**2 - 7*o + 6. What is a(i)?
12
Let j(d) = -d**2 - 5*d + 1. Suppose -4*h = i - 3, -5*h + 0*h = -i - 15. Let r = 7 + i. Suppose -c + 5*u = -10, 4*c + r = 4*u - 6. Give j(c).
1
Let u(b) = 3*b**2 + 1. Let h be (-7)/2*(-16)/14. Suppose 2*a = -h*w - 24, 0 = 2*w - 2*a - 0*a. Let y = w + 3. What is u(y)?
4
Let t(b) = -b**2 + 3*b - 6. Let f(a) = a**2 + 17*a + 38. Let j be f(-16). Let m be (-3)/(-5) - j/(-5). Calculate t(m).
-16
Let z(f) = -f + 11. Let k be z(7). Let l(t) be the second derivative of 2*t**2 - 1/3*t**4 + 0 - 3*t + 0*t**3 + 1/20*t**5. Calculate l(k).
4
Let d(b) = -4*b**2 + 12*b + 4. Let u(y) = 7*y**2 - 22*y - 8. Let o(x) = 5*d(x) + 3*u(x). Give o(5).
-9
Let w(a) = -a**3 + 8*a**2 + 9*a - 13. Let x = 46 - 49. Let q(h) = 4*h + 21. Let k be q(x). Give w(k).
-13
Let t(i) = -5*i - 3*i + 7*i - i**2. Let x be t(-1). Let o(g) = -g**2 - 1. Let m(f) = -4*f**2 - 3. Let n(w) = m(w) - 5*o(w). What is n(x)?
2
Suppose -5*k - 2*p - 8 = -2*k, 4*k + 8 = -4*p. Let u(r) = -29*r - 13. Let x(v) = 34*v + 15. Let s(i) = 7*u(i) + 6*x(i). Give s(k).
-5
Let n(b) = -b**2 + 4*b - 1. Suppose 15 = -2*x - 1. Let p be -4*4/x + -1. Let v = 5 - p. What is n(v)?
-1
Suppose -8 = q + 2*c, 0 = -3*q - 4*c - 12 - 4. Let r be q + (-1 - -4 - 0). Let z(p) = -12 - p**2 + 7 - r - 3. Determine z(0).
-11
Let j be (-64)/(-36) - (-10)/45. Let o(b) = b**2 + j*b + 1 - b - 31*b**3 + 15*b**3 + 15*b**3. Determine o(2).
-1
Let o = 0 - 0. Let s(w) = -w. Let z be s(-4). Let v(r) = -6 - r**3 + r + 0*r**3 + z*r - 4*r. Give v(o).
-6
Let l(y) = 14*y**2 + 7. Let z(j) = -13*j**2 - 6. Let x(v) = 6*l(v) + 7*z(v). Suppose 3*w - 5 = -8. Give x(w).
-7
Let y(m) = 3*m + m**3 - 5*m + 2*m**2 + 8 - 8*m**2. Suppose 10 = 2*a + 2*b, 8*a - 5*b = 3*a + 25. Suppose 5*n - a = 25. Give y(n).
-4
Suppose 5*k - 5*v = -50, -2*v - 4 = -4*k - 48. Let t be 16/k*3 - -6. Let g(q) = -q + 4. Calculate g(t).
2
Let x(l) = -l**3 + 7*l**2 - 10*l + 14. Suppose 0 = 69*w - 71*w - f + 7, 2 = 2*w + 2*f. Give x(w).
-10
Let d(a) = a**3 + 6*a**2 - 7*a - 3. Let y(l) = -2*l**3 - 12*l**2 + 2*l + 13. Let f be y(-6). Let p = -6 - f. Give d(p).
-3
Let x(d) = d**3 - d. Let p(g) = -7*g**3 - 4*g**2 + 2*g - 3. Let a(w) = p(w) + 6*x(w). Let b = -5881 - -5879. Determine a(b).
-3
Let f be 8 + -7 - (-4 - (4 + -3)). Let d(m) = -3*m + 11. Calculate d(f).
-7
Let v(j) = 2*j**2 - 3*j + 3. Suppose 7*d - 8 = 5*d. Let z be (-13)/((-26)/12) - d. Calculate v(z).
5
Let z be (-2)/(-5) + (-18)/45. Suppose z = 50*y - 51*y. Let u(j) = j + 26. What is u(y)?
26
Let a(z) = 11 - z**3 + 7*z**2 - 3*z - 6 - 3*z**2 - 2 + 0. Determine a(3).
3
Let m(s) = s**2 + 56*s + 55. Let u be m(-55). Let v(k) = -k**2 + k - 7. Calculate v(u).
-7
Let i = 91 - 74. Let y(a) = 7 + a + i - 13. Give y(-11).
0
Suppose 0*p - 1 = -p. Let n(h) = h**2 + h. Let v(t) = -3*t**2 - 5*t - 3. Let w(i) = p*v(i) + n(i). Calculate w(-2).
-3
Let r(v) = -v**2 + 3*v + 7. Suppose l + 13 = 2*l. Let g be (1 - 2)*(0 - l). Suppose g = 3*j - 2. What is r(j)?
-3
Suppose i - 5*p + 35 = 3*i, 3*p + 42 = 3*i. Suppose 3*x - i = 6*x. Let q(b) = -7*b - 2*b - b**3 - 5*b**2 - 7*b + 14*b - 3. Determine q(x).
7
Let y(b) = 3*b - 15*b**2 - 2*b + 1 + 14*b**2. Suppose 3*o = -2*t + 1 - 2, -3*t = -3. Calculate y(o).
-1
Let v(h) = -45*h - 27. Let k(x) = -17*x - 9. Let g(d) = -8*k(d) + 3*v(d). What is g(2)?
-7
Let b(g) = 176*g**2 - 84*g**2 - 11*g + 2 - 91*g**2. What is b(11)?
2
Suppose 2*q + 8 = 0, 4*t - 3*q + 7*q + 36 = 0. Let s(u) = -2*u - 17. Calculate s(t).
-7
Suppose 8*t = 6*t + 14. Suppose t*s = 12*s + 15. Let b(k) = -2*k**2 - 5*k - 3. What is b(s)?
-6
Suppose 2*q + 5*c + 18 = 0, 3*c = q - 2*c - 21. Let f(s) = s**3 - 5*s**2 + 5*s - 1. Let h be f(4). Let j(w) = 3 - h - 15*w + 13*w. Calculate j(q).
-2
Let r(i) be the first derivative of -i**2/2 - 1. Let u be (0 - -4)*(0 - 2 - -3). Suppose 6 = -2*a - 2*b, -3*b - 6 = u*a + 1. What is r(a)?
-2
Let s(k) = -k**3 - 8 - 2 + 1 - k**2. Suppose 1114 = -5*a - v + 1116, -8 = -3*a - 4*v. Give s(a).
-9
Let d(a) = a + 3*a**2 - 290*a**3 - 8*a**2 + 289*a**3. Let f(y) be the first derivative of y**4/4 - y**3 - y**2 + y + 1. Let v be f(3). Give d(v).
-5
Let y(n) = 14*n**2 + 4*n - 1. Let x(l) = -11*l**2 - 5*l + 2. Let d(s) = 5*x(s) + 4*y(s). Calculate d(8).
-2
Let d(g) = 3*g + 11. Let t(n) = -3*n - 22. Let m(l) = l + 7. Let h(p) = 7*m(p) + 2*t(p). Let c(q) = -4*d(q) + 9*h(q). Give c(3).
-8
Let b(c) = -2*c - 5. Suppose -37 = -s - 16. Suppose 5*w = -4*h + 41, 3*w - s = -2*h + 2. What is b(h)?
-13
Let o(y) = y + 1. Let m be 1*36 + 2 + 3. Let n = m + -35. Calculate o(n).
7
Let x be 7 - ((-2)/(-1) - -2). Let h(a) = -2*a**2 + 0*a**2 + 7*a - 3*a**2 + a**x - 5. Give h(4).
7
Let l(c) = -c**3 - 6*c**2 + c + 4. Let a = -16 + 16. Let k(s) = 8*s - 6. Let g be k(a). Give